*z. Let u be t(6). Suppose 0 = 2*h - h - 4. Suppose h*q + 0 = u. Is q a composite number?
True
Is (-2683)/(-1) + (-6 + 4)/1 composite?
True
Let u = -1038 + 1945. Is u a composite number?
False
Let s be ((-16)/6)/(1/(-3)). Let r(w) = 19*w**2 - 27*w**2 + 9*w - w**3 + 7 + 15*w**2 + 0*w**3. Is r(s) prime?
False
Let f = -106 + 158. Let l(c) = c**2 + 10*c + 62 - f - 2*c**2. Is l(7) a composite number?
False
Let w be 2*6*7/21. Suppose -265 = -w*s - s. Is s composite?
False
Suppose 145 = -2*g + 383. Is g a prime number?
False
Let a(g) = -3 - g - 6*g + 3*g. Let h be a(-4). Let w = 28 - h. Is w prime?
False
Let o = -1 + 5. Is o/6*75/5 prime?
False
Let a(o) = -o - 23. Let t be a(-10). Let v(w) = -w**2 - 17*w - 15. Is v(t) a composite number?
False
Let q = 2020 + -644. Suppose n - 5*u - 336 = 0, -3*n - n = -4*u - q. Is n prime?
False
Let m(t) = -57*t + 14. Is m(-7) composite?
True
Let q = 375 + -213. Suppose -4*n + k - 25 = -q, -5*k = 25. Suppose 52 = 2*t - z, 3*t - n = 2*t + 4*z. Is t a prime number?
False
Let h(c) = c**3 - c**2 - 3*c - 5. Suppose 5*n - 4*k - 4 = 0, -2*k = 2*n + 5 - 21. Is h(n) a composite number?
False
Let o = -2 - -7. Let p(m) = m**2 - 2*m. Is p(o) composite?
True
Suppose -c = -2*c + 5. Let n be c - (-2 + (2 - -1)). Let j(s) = -s**3 + 7*s**2 + s + 3. Is j(n) a composite number?
True
Suppose 0*r + r + 11 = 3*a, -5*r + 13 = 2*a. Let c = 11 - 11. Suppose c = -a*k + 38 - 10. Is k prime?
True
Suppose -737 = -5*w + 4*w. Is w composite?
True
Suppose 12*b = 18*b - 3882. Is b composite?
False
Let a be (-3)/(3/(-2)) + -2. Suppose 3*u - 4*j = 335, -4*u + 4*j - 147 + 591 = a. Suppose 2*d = u + 33. Is d a prime number?
True
Is 163*-4*(-5)/20 prime?
True
Let a be 106/(-1 + 3/2). Let r = a + -63. Is r prime?
True
Suppose -2*o + 994 = -198. Let n be (-4)/(-10) + 5348/(-20). Let k = n + o. Is k a prime number?
False
Suppose -1042 = 4*z - 6*z. Is z a composite number?
False
Let d(i) = -i**3 - 11*i**2 + 11*i - 14. Let r be d(-12). Is r/((-1341)/1335 - -1) composite?
True
Suppose -2*y = 3*z - 13, 6*z = -5*y + 2*z + 36. Suppose -y = h - 2*h. Is 1/2 + 268/h a composite number?
True
Is 3*-1*(-183)/3 a prime number?
False
Let x = -19 + 29. Suppose -x - 585 = -4*u - 5*b, 710 = 5*u - 5*b. Is u a composite number?
True
Let s(x) = 3*x**2 - 3*x + 7. Suppose -a + 3 = -0. Suppose 0 = 2*p + a*p + 25. Is s(p) prime?
True
Let q(r) = -146*r + 3. Is q(-18) a composite number?
True
Suppose 412 = 2*b + 10. Let r be 0 + (0 - (3 - 7)). Suppose p - r*p = -b. Is p a prime number?
True
Let r = -39 + -8. Let i = -29 - r. Suppose -2*d + 36 = -4*l - i, -2*l + 84 = 2*d. Is d composite?
False
Let c = 7 - 10. Let k be (2/c)/((-7)/21). Suppose -k*l + l + 55 = 0. Is l prime?
False
Suppose -6*k - k + 1043 = 0. Is k a prime number?
True
Let y be ((-22)/8)/(1/(-12)). Let a = -82 - -59. Let k = y + a. Is k a composite number?
True
Suppose 953 = 4*h - m, -4*h + 0*h - 5*m = -947. Let v = h + -1. Is v composite?
True
Let t(m) = m**3 + 7*m**2 - m - 5. Let y = -19 - -29. Suppose -h + 4*s + y = 0, -3*h + 21 - 51 = 3*s. Is t(h) composite?
False
Let c(j) = -1 + 4*j**2 + 9*j + 3*j**2 - 2 + j**2. Is c(4) prime?
False
Suppose -4*v = 3*l - 277, -2*v - 2 = -10. Is l a prime number?
False
Suppose -z - 1 = -3*b + 12, 2*b + 5*z + 14 = 0. Let u(v) = -v - v**b + 3*v**3 - v**3 - v - 4 - 3*v**2. Is u(4) prime?
False
Suppose 4*j = -3*x + 3741, -10 = 2*x - 0. Suppose -5*s = -j + 214. Is s composite?
True
Suppose 5582 = 2*x - 4*i, -5*x + 3*i = 8*i - 13940. Is x prime?
True
Let u be ((-4)/(-8) - 1)*-30. Is 3490/u + 4/12 a prime number?
True
Let v(x) = -35*x. Let r(p) = -p - 2. Let t be r(-2). Suppose 3*i + 2*i + 5 = t. Is v(i) composite?
True
Let o be (12/(-14))/(2/(-14)). Is (-9)/o*(-1524)/18 a prime number?
True
Suppose u - 126 = 3*b, 4*b = u + 10 - 141. Suppose u = -2*x + 5*x. Is x a composite number?
False
Suppose -4*a + 195 = a. Suppose a = -o + 198. Is o prime?
False
Suppose 2*s + 3*s = 515. Is s a composite number?
False
Suppose -4*k + 13228 - 3168 = 0. Is k composite?
True
Is -3*(-8)/12 - -2552 prime?
False
Let h(m) = -5*m - 11. Let f be h(-5). Suppose 49 - f = 5*j + 4*n, -3*n = 15. Is j prime?
True
Suppose -2*b - 2*b - 590 = 2*r, b + 5*r = -125. Let k = b - -265. Is k composite?
True
Let h be 2*((-63)/6)/(-7). Suppose 0 = h*g - 6*g + 174. Is g a prime number?
False
Let c = -16 + 63. Suppose -o + 2*o - c = 0. Is o a prime number?
True
Let j = 3122 - 441. Is j prime?
False
Let l(d) = 5*d + 1. Let a(r) = -6*r - 1. Let c(p) = 7*a(p) + 6*l(p). Is c(-7) prime?
True
Suppose 0 = -l + s + 783, -s + 7 - 3 = 0. Is l a composite number?
False
Let y = 4 - 0. Suppose 5*u - 3*t - 50 = 0, u + 8 = -7*t + y*t. Is u - -43 - (-2)/(-2) a composite number?
True
Let y(a) = 8*a - 6. Let o be y(6). Let l(j) = j. Let n be l(2). Suppose -n*i = -64 - o. Is i a prime number?
True
Let c be (-2 + 0)/4*-708. Suppose -c = -4*q + 122. Is q composite?
True
Let z be (-1)/(-2) + 134/(-4). Suppose -5*h - 60 = -h. Is z/(-5) - 6/h a composite number?
False
Suppose 3*s = -4*y - 8, 2*s + 4 = -2*y - 0*y. Is y + (67 - (-4 - -2)) a composite number?
False
Let k be (9/3 - 5) + -36. Let m = 127 + k. Is m a prime number?
True
Suppose z + 24 = 5*z. Let b be (3/z)/(2/(-4)). Let s(d) = 65*d**2 + d + 1. Is s(b) composite?
True
Let n(y) = y**2 + 11*y - 9. Let s be n(-12). Let b(p) = -2*p - 4*p**2 + 49*p**3 + s*p**2 + 3*p. Is b(1) a prime number?
False
Suppose -27974 - 15003 = -11*o. Is o a composite number?
False
Let v = 344 + -129. Suppose -v = -n - 52. Is n a composite number?
False
Suppose 13*q - 7*q - 1068 = 0. Is q composite?
True
Is ((-4105)/15)/(1 - (-44)/(-42)) a composite number?
True
Suppose -4*c + 3544 = 2*n, -c = -0*c - 5*n - 897. Is c a composite number?
False
Let i(v) = -31*v**3 + 3*v**2 - 3. Is i(-2) a prime number?
True
Let y = 2 - 2. Let c(m) = m**2 + 103. Let h be c(y). Suppose 7*b - 6*b = h. Is b composite?
False
Is (-26)/4*(-217 - 1) prime?
False
Let o = -681 + 1090. Is o composite?
False
Let k = 28 + 3. Suppose 7*n = 8*n - k. Is n composite?
False
Let k be (0/(-5))/(-1*2). Suppose y + 3*z + 4 = k, 0 = -5*y + 5*z - z + 37. Suppose -4*r + 4*g - 13 = -93, y*r - 92 = -3*g. Is r composite?
False
Let z(f) = -f**3 + f**2 - 2. Let s be z(-6). Is (-1 - 0) + 4 + s a composite number?
True
Let k = -173 + 123. Let d = 72 + k. Is d prime?
False
Let u(r) = 3*r - 12. Let l be u(5). Suppose -2*k = g - 148, -l*g + 136 - 358 = -3*k. Is k prime?
False
Suppose 185 = 4*h - 123. Is h a composite number?
True
Suppose 4*c - 24 = 2*x, 2*c - 6*c - 3*x + 14 = 0. Let o be 16/c - 1/5. Suppose u - 4*r = 45, 7 = o*u - 5*r - 135. Is u a composite number?
True
Let t(f) be the first derivative of 73*f**3 - f**2/2 - f + 2. Is t(-2) prime?
True
Let s = 2 - -2. Suppose 3*u - z + 192 = 5*u, -4*u = -4*z - 408. Suppose -80 = -4*h - s*g, 3*g = 4*h + 25 - u. Is h composite?
False
Suppose -5*l = -2 - 8, 5*x - 5*l = 5. Let m(j) = 3*j**2 - 8*j - 7*j**2 + j + j**x + 9. Is m(6) prime?
False
Let g = -71 - -30. Let k = -26 - g. Is k a prime number?
False
Let c = -6312 + 14317. Is c composite?
True
Is 71 - (0 + 3) - 1 a prime number?
True
Suppose -4*b - 4*f - f = -21, -b + 4 = f. Let c be 2 + 1 + 1 + b. Suppose 344 = c*o + 89. Is o a composite number?
True
Let s(f) = 5*f + 7. Let r be s(5). Suppose 132 - r = 4*m. Is m prime?
False
Suppose -5*w - 10 = -10*w. Suppose 0 = 4*n + 2*o - 186, -o - 47 - 48 = -w*n. Is n a composite number?
False
Suppose -2*p - l + 790 = 0, p - 3*l - l - 395 = 0. Suppose 0*s - 5*s + p = 0. Is s a prime number?
True
Is ((-13)/(312/16))/(4/(-2154)) a composite number?
False
Suppose -f = 2*f - 3. Let r(c) = 2*c**3 + 2*c**2 - c. Let w be r(f). Is 15 - w/((-6)/(-4)) a prime number?
True
Let b be 5/(-20) + 34/8. Let z be (-2)/b*(3 + -1). Is -1 + (-6)/2*z a prime number?
True
Let l = 275 + -152. Let h = 190 - l. Is h a composite number?
False
Let m(k) be the third derivative of k**6/120 + k**5/10 + 5*k**4/24 + 5*k**3/6 + k**2. Is m(6) composite?
False
Let m be (-3)/1 + (1 - 13). Let k be (9/(-15))/(3/m). Suppose -l = 3*f - f - 321, k*f - 5*l - 488 = 0. Is f a prime number?
False
Let z(p) = 21*p**2 + p. Let y = 8 + -7. Suppose 3 - 4 = 2*l - 3*d, -d + y = 0. Is z(l) a composite number?
True
Let b be 4/5*(-90)/(-2). Let m = b - -109. Is m composite?
True
Let y(b) = 